{"id":12,"date":"2023-11-10T17:06:12","date_gmt":"2023-11-10T16:06:12","guid":{"rendered":"http:\/\/codicesdress.de\/?page_id=12"},"modified":"2024-09-27T17:45:28","modified_gmt":"2024-09-27T15:45:28","slug":"my-account","status":"publish","type":"page","link":"https:\/\/codicesdress.de\/?page_id=12","title":{"rendered":"MEIN WEG"},"content":{"rendered":"<p><img decoding=\"async\" class=\"alignnone wp-image-149\" src=\"https:\/\/codicesdress.de\/wp-content\/uploads\/2024\/09\/IMG_20230514_103618-216x300.jpg\" alt=\"\" width=\"171\" height=\"236\" \/><\/p>\n<p>Ich bin Vincenzo Seimuri, geboren in Kalabrien Italien im Jahr 1982. Damals gab es viele Kommunikationssysteme entweder nicht oder sie waren zumindest nicht so weit verbreitet wie heute.<\/p>\n<p>Ich bin aufgewachsen, indem ich mit Freunden auf der Stra\u00dfe spielte, fast wie alle meine Altersgenossen. Wir sind in einer Welt gro\u00df geworden, die sich mit dem Fortschritt der Technologien, auf die wir heute nicht mehr verzichten k\u00f6nnten, erheblich ver\u00e4nderte.<\/p>\n<p>Gerade in den Jahren meiner Kindheit begann meine Familie, den Weg der Textilverarbeitung zu beschreiten, indem sie eine kleine Textilwerkstatt er\u00f6ffnete, die in ihrer Bl\u00fctezeit etwa 10 Textilarbeiterinnen besch\u00e4ftigte und einen guten regionalen Ruf hatte.<\/p>\n<p>Ich verbrachte meine Tage mit Spielen, Zeichentrickfilmen und dem Wunsch, bei meiner Familie zu sein. Gerade in diesen Momenten konnte ich die Leidenschaft sehen, die meine Eltern bei ihrer Arbeit hatten; sie bestand darin, Kleidung zu entwerfen, herzustellen und zu vermarkten. W\u00e4hrend das Unternehmen wuchs, wuchs auch ich, und leider entschied ich mich f\u00fcr einen anderen Weg als die Mode- und Bekleidungswelt.<\/p>\n<p>Es waren Jahre des Studiums zum <a href=\"https:\/\/cercalatuascuola.istruzione.it\/cercalatuascuola\/istituti\/CSTL08701P\/itg-calvosa-castrovillari\/;jsessionid=+Mvw9zQKXwZySsnYxmrNyFSX.mvlas069_1\">Geometer<\/a> und der Nachmittage, an denen ich, wenn m\u00f6glich, im Familienbetrieb half. Es waren die 90er Jahre, und einige der Krisen, die die Welt sp\u00e4ter pr\u00e4gen sollten, begannen sich bemerkbar zu machen. Es waren die Jahre, in denen ein vereintes Europa geschaffen wurde und Ideen wie Globalisierung, Sozialisierung und andere Dinge aufkamen, die die Welt auf die eine oder andere Weise zu einem etwas kleineren und leichter erreichbaren Ort machten.<\/p>\n<p>W\u00e4hrend die 90er Jahre zu Ende gingen, entstanden neue kommerzielle Realit\u00e4ten und neue weltweite Beziehungen; China trat in die Dynamik der europ\u00e4ischen und vor allem der italienischen Wirtschaft ein. Dieses Ereignis zwang das kleine Familienunternehmen \u00fcber mehrere Jahre hinweg, sich mit M\u00e4rkten mit fortgeschrittener Wettbewerbsf\u00e4higkeit und vor allem mit erheblichen Unterschieden in den sozialen, wirtschaftlichen und arbeitsrechtlichen Bedingungen auseinanderzusetzen.<\/p>\n<p>Es war in den fr\u00fchen 2000er Jahren nach dem Abitur, als ich nach <a href=\"https:\/\/www.aeronautica.difesa.it\/\">Rom zog, um meinen Milit\u00e4rdienst<\/a> zu absolvieren, wo ich meine Sichtweise und meine Horizonte in einer Stadt, die auch heute noch ewig ist, erheblich erweiterte.<\/p>\n<p>Leider kollidierten gleichzeitig die Geschicke des Familienunternehmens mit einer Unhaltbarkeit des realen Lebens, so dass beschlossen wurde, die Werkstatt zu schlie\u00dfen. Pers\u00f6nlich verstand ich nicht die Bedeutung dessen, was geschah, und das \u201eKnow-how\u201c, das bald verloren gehen w\u00fcrde, und entschied mich erneut, den Weg zu \u00e4ndern, indem ich mich an der <a href=\"https:\/\/corsilaurea23-24.unical.it\/corso\/scienze-turistiche\/index.html\">Fakult\u00e4t f\u00fcr Wirtschaftswissenschaften der Universit\u00e4t Kalabrien mit dem Schwerpunkt Tourismuswissenschaften<\/a> einschrieb. Ich studierte und arbeitete gleichzeitig, um mein Studium zu finanzieren. Ich lernte meine jetzige Frau kennen und mit der Hilfe meiner Familie schaffte ich es, meinen Bachelor-Abschluss im Zeitraum 2002\/2005 zu machen und meinen <a href=\"https:\/\/corsilaurea23-24.unical.it\/corso\/valorizzazione-sistemi-turistico-culturali\/index.html\">Master-Abschluss<\/a> von 2006 bis 2008 abzuschlie\u00dfen.<\/p>\n<p>In den folgenden Jahren arbeitete ich in verschiedenen Bereichen der \u00d6ffentlichkeitsarbeit, des Marketings und der Werbung.<\/p>\n<p>Im Jahr 2010 beschloss ich, mein eigenes Unternehmen zu gr\u00fcnden, das sich genau auf die beiden Bereiche konzentrierte, auf die ich mich spezialisiert hatte, n\u00e4mlich Tourismus und Kommunikation. Ich gr\u00fcndete die \u201cComunicazione System\u201d mit dem Ziel, meine Studien mit meinen verschiedenen erworbenen Erfahrungen zu verbinden. Das Ziel der Comunicazione System war es, ein Gebiet aus sozialer und wirtschaftlicher Sicht nutzbar zu machen. Ich versuchte, die Grundlagen f\u00fcr eine nachhaltige Entwicklung auf der Grundlage lokaler Ressourcen zu schaffen, die nach den Prinzipien der europ\u00e4ischen Projektplanung wie der Methode \u201eGOPP\u201c oder der Aggregation und Systematisierung mehrerer sozio\u00f6konomischer Akteure koordiniert wurden.<\/p>\n<p>Es war eine Zeit gro\u00dfer Begeisterung, aber auch gro\u00dfer Emotionen, die leider aus verschiedenen Gr\u00fcnden, darunter meine geringe Erfahrung und mein zu gro\u00dfes Vertrauen in andere, nicht fortgesetzt wurde.<\/p>\n<p>Es war die sch\u00f6nste, bedeutendste und pr\u00e4gendste Erfahrung meines Lebens, dank dieser Zeit konnte ich sp\u00e4ter neue Situationen mit gro\u00dfer Praktikabilit\u00e4t bew\u00e4ltigen.<\/p>\n<p>In den folgenden Jahren fand ich eine Anstellung als \u201eHandelsvertreter\u201c im Bausektor bei <a href=\"https:\/\/tubisider.com\/\">TUBISIDER S.p.a<\/a>. mit Sitz in Rende\/Cosenza, aber nach 2 Jahren entschied ich mich, das T\u00e4tigkeitsfeld zu wechseln.<\/p>\n<p>So nahm ich an einem \u201e<a href=\"https:\/\/www.ef-italia.it\/erasmus\/progetto\/progetto-leonardo\/#:~:text=Cos'%C3%A8%20il%20Progetto%20Leonardo&amp;text=Il%20programma%20Leonardo%20ti%20di,giornalismo%2C%20marketing%20e%20business%20administration.\">Leonardo-Projekt<\/a>\u201c mit europ\u00e4ischen Mitteln teil und gewann ein Stipendium\/Arbeitsplatz in Malta f\u00fcr die Dauer von 3 Monaten, in denen ich mit der Nichtregierungsorganisation (NGO) \u201e<a href=\"https:\/\/kopin.org\/\">KOPIN<\/a>\u201c an einigen sozialen Entwicklungsprojekten in Afrika zusammenarbeitete.<\/p>\n<p>Nach den drei Monaten Praktikum begann ich, nach einer T\u00e4tigkeit zu suchen, die mir sowohl beruflich als auch wirtschaftlich Wachstum und Reife erm\u00f6glichen w\u00fcrde. Ich bewarb mich \u00fcber ein weiteres von Europa finanziertes Projekt: \u201e<a href=\"https:\/\/www.erasmus-entrepreneurs.eu\/index.php?lan=it\">Erasmus Entrepreneurs<\/a>\u201c, bei dem ich die urspr\u00fcngliche Idee der \u201eComunicazione System\u201c vorstellte und gewann. Es war das Jahr 2014, und bei der Wahl des Ortes, an dem ich dieses Projekt aus\u00fcben wollte, besuchte ich einen lieben Freund in Deutschland im Baden-W\u00fcrttemberg, genauer gesagt in <a href=\"https:\/\/www.schramberg.de\/de\/index.php\">Schramberg<\/a>, wo ich aus Spa\u00df meinen jetzigen Arbeitgeber \u201e<a href=\"https:\/\/www.gerberei-trautwein.de\/\">TRAUTWEIN LEDER FABRIK<\/a>\u201c fragte, ob er Hilfe ben\u00f6tige. Ich fing an, und ich begann auch mein Erwachsenenleben, dem eine unglaubliche Anzahl von Ereignissen folgte, bei denen ich nicht mehr an Projekte oder Leben dachte, die ich aufbauen wollte. Ich heiratete, kaufte ein Haus, bekam Kinder, und w\u00e4hrend all dem fand ich auch die Zeit, neue Projekte zu machen. In dem Haus, das ich kaufte, gelang es mir, einen Teil des Geb\u00e4udes zu renovieren und es in das heutige Unternehmen \u201eCODICE SDRESS SEIMURI\u201c zu verwandeln. Ich bin immer noch dort, habe meine Vergangenheit wieder aufgenommen und trage sie mit mir, um zu k\u00e4mpfen und eine eigene Welt zu suchen, in der ich die erlernten Regeln anwenden kann. Diejenigen, die ein System schaffen, diejenigen, die die Ressourcen optimieren und sie zum Vorteil der Gemeinschaft nutzbar machen. Ich glaube daran, ich werde daran glauben, und auf die eine oder andere Weise werde ich es schaffen, diese Welt zu einem besseren Ort zu machen.<\/p>\n<p>Ihr Vincenzo Seimuri<\/p>\n","protected":false},"excerpt":{"rendered":"<p>Ich bin Vincenzo Seimuri, geboren in Kalabrien Italien im Jahr 1982. Damals gab es viele Kommunikationssysteme entweder nicht oder sie waren zumindest nicht so weit verbreitet wie heute. Ich bin aufgewachsen, indem ich mit Freunden auf der Stra\u00dfe spielte, fast wie alle meine Altersgenossen. Wir sind in einer Welt gro\u00df geworden, die sich mit dem [&hellip;]<\/p>\n","protected":false},"author":1,"featured_media":0,"parent":0,"menu_order":0,"comment_status":"closed","ping_status":"closed","template":"","meta":{"om_disable_all_campaigns":false,"footnotes":""},"class_list":["post-12","page","type-page","status-publish","hentry"],"aioseo_notices":[],"_links":{"self":[{"href":"https:\/\/codicesdress.de\/index.php?rest_route=\/wp\/v2\/pages\/12","targetHints":{"allow":["GET"]}}],"collection":[{"href":"https:\/\/codicesdress.de\/index.php?rest_route=\/wp\/v2\/pages"}],"about":[{"href":"https:\/\/codicesdress.de\/index.php?rest_route=\/wp\/v2\/types\/page"}],"author":[{"embeddable":true,"href":"https:\/\/codicesdress.de\/index.php?rest_route=\/wp\/v2\/users\/1"}],"replies":[{"embeddable":true,"href":"https:\/\/codicesdress.de\/index.php?rest_route=%2Fwp%2Fv2%2Fcomments&post=12"}],"version-history":[{"count":8,"href":"https:\/\/codicesdress.de\/index.php?rest_route=\/wp\/v2\/pages\/12\/revisions"}],"predecessor-version":[{"id":151,"href":"https:\/\/codicesdress.de\/index.php?rest_route=\/wp\/v2\/pages\/12\/revisions\/151"}],"wp:attachment":[{"href":"https:\/\/codicesdress.de\/index.php?rest_route=%2Fwp%2Fv2%2Fmedia&parent=12"}],"curies":[{"name":"wp","href":"https:\/\/api.w.org\/{rel}","templated":true}]}}